y 84.
57
What is the remainder when 6133 is divided by 236?
233
What is the remainder when 5506 is divided by 82?
12
What is the remainder when 249 is divided by 63?
60
Calculate the remainder when 1670 is divided by 44.
42
Calculate the remainder when 5751 is divided by 274.
271
What is the remainder when 863 is divided by 18?
17
What is the remainder when 3588 is divided by 10?
8
Calculate the remainder when 647 is divided by 319.
9
Calculate the remainder when 414 is divided by 135.
9
Calculate the remainder when 2351 is divided by 14.
13
What is the remainder when 402 is divided by 3?
0
What is the remainder when 89 is divided by 47?
42
Calculate the remainder when 745 is divided by 187.
184
What is the remainder when 525 is divided by 105?
0
What is the remainder when 214 is divided by 58?
40
What is the remainder when 130 is divided by 12?
10
What is the remainder when 6754 is divided by 20?
14
Calculate the remainder when 971 is divided by 81.
80
What is the remainder when 22 is divided by 13?
9
What is the remainder when 809 is divided by 201?
5
Calculate the remainder when 154 is divided by 39.
37
Calculate the remainder when 519 is divided by 52.
51
Calculate the remainder when 64 is divided by 13.
12
What is the remainder when 23302 is divided by 163?
156
Calculate the remainder when 338 is divided by 10.
8
Calculate the remainder when 229 is divided by 79.
71
What is the remainder when 71 is divided by 43?
28
What is the remainder when 1506 is divided by 748?
10
What is the remainder when 2894 is divided by 18?
14
What is the remainder when 230 is divided by 148?
82
What is the remainder when 859 is divided by 269?
52
Calculate the remainder when 1196 is divided by 8.
4
Calculate the remainder when 2892 is divided by 322.
316
Calculate the remainder when 4966 is divided by 72.
70
Calculate the remainder when 573 is divided by 171.
60
What is the remainder when 6464 is divided by 16?
0
Calculate the remainder when 129 is divided by 66.
63
What is the remainder when 1505 is divided by 116?
113
Calculate the remainder when 9882 is divided by 15.
12
Calculate the remainder when 65 is divided by 30.
5
Calculate the remainder when 364 is divided by 48.
28
What is the remainder when 72 is divided by 34?
4
Calculate the remainder when 795 is divided by 40.
35
Calculate the remainder when 5341 is divided by 137.
135
Calculate the remainder when 648 is divided by 13.
11
Calculate the remainder when 3723 is divided by 149.
147
Calculate the remainder when 90 is divided by 19.
14
What is the remainder when 241 is divided by 130?
111
What is the remainder when 54 is divided by 22?
10
Calculate the remainder when 9488 is divided by 211.
204
Calculate the remainder when 98 is divided by 33.
32
Calculate the remainder when 317 is divided by 40.
37
Calculate the remainder when 275 is divided by 24.
11
What is the remainder when 7196 is divided by 2394?
14
What is the remainder when 811 is divided by 63?
55
What is the remainder when 1340 is divided by 79?
76
Calculate the remainder when 101 is divided by 38.
25
Calculate the remainder when 760 is divided by 174.
64
Calculate the remainder when 487 is divided by 246.
241
Calculate the remainder when 246 is divided by 125.
121
Calculate the remainder when 259 is divided by 88.
83
What is the remainder when 2747 is divided by 3?
2
Calculate the remainder when 328 is divided by 15.
13
What is the remainder when 66 is divided by 40?
26
Calculate the remainder when 1062 is divided by 20.
2
Calculate the remainder when 594 is divided by 152.
138
Calculate the remainder when 412 is divided by 52.
48
What is the remainder when 319 is divided by 71?
35
Calculate the remainder when 594 is divided by 25.
19
Calculate the remainder when 100 is divided by 27.
19
Calculate the remainder when 1483 is divided by 45.
43
What is the remainder when 9365 is divided by 10?
5
Calculate the remainder when 1573 is divided by 15.
13
What is the remainder when 9943 is divided by 113?
112
What is the remainder when 747 is divided by 10?
7
Calculate the remainder when 5179 is divided by 74.
73
What is the remainder when 2249 is divided by 6?
5
What is the remainder when 160 is divided by 56?
48
What is the remainder when 194 is divided by 13?
12
What is the remainder when 1924 is divided by 9?
7
Calculate the remainder when 45 is divided by 25.
20
Calculate the remainder when 4686 is divided by 134.
130
What is the remainder when 785 is divided by 131?
130
Calculate the remainder when 285 is divided by 28.
5
Calculate the remainder when 909 is divided by 38.
35
Calculate the remainder when 443 is divided by 74.
73
What is the remainder when 13973 is divided by 34?
33
What is the remainder when 289 is divided by 10?
9
What is the remainder when 172 is divided by 87?
85
What is the remainder when 55 is divided by 7?
6
Calculate the remainder when 17925 is divided by 83.
80
What is the remainder when 85850 is divided by 254?
252
What is the remainder when 9954 is divided by 55?
54
What is the remainder when 206 is divided by 26?
24
Calculate the remainder when 104 is divided by 47.
10
Calculate the remainder when 4166 is divided by 378.
8
Calculate the remainder when 2069 is divided by 74.
71
Calculate the remainder when 241 is divided by 7.
3
Calculate the remainder when 15934 is divided by 96.
94
Calculate the remainder when 38 is divided by 5.
3
Calculate the remainder when 1492 is divided by 369.
16
Calculate the remainder when 620 is divided by 16.
12
What is the remainder when 108 is divided by 10?
8
What is the remainder when 651 is divided by 134?
115
What is the remainder when 50 is divided by 42?
8
What is the remainder when 968 is divided by 18?
14
What is the remainder when 638 is divided by 177?
107
Calculate the remainder when 273 is divided by 80.
33
What is the remainder when 1055 is divided by 52?
15
Calculate the remainder when 186 is divided by 3.
0
Calculate the remainder when 369 is divided by 22.
17
What is the remainder when 597 is divided by 50?
47
What is the remainder when 6782 is divided by 19?
18
Calculate the remainder when 152 is divided by 86.
66
What is the remainder when 85 is divided by 45?
40
What is the remainder when 8 is divided by 5?
3
Calculate the remainder when 3690 is divided by 142.
140
What is the remainder when 125 is divided by 16?
13
What is the remainder when 246 is divided by 55?
26
Calculate the remainder when 142 is divided by 21.
16
Calculate the remainder when 426 is divided by 143.
140
What is the remainder when 742 is divided by 93?
91
What is the remainder when 1465 is divided by 49?
44
What is the remainder when 390 is divided by 14?
12
Calculate the remainder when 10806 is divided by 14.
12
What is the remainder when 601 is divided by 55?
51
What is the remainder when 366 is divided by 104?
54
What is the remainder when 2539 is divided by 844?
7
Calculate the remainder when 128 is divided by 35.
23
Calculate the remainder when 657 is divided by 55.
52
What is the remainder when 1061 is divided by 56?
53
What is the remainder when 1165 is divided by 521?
123
Calculate the remainder when 50 is divided by 28.
22
What is the remainder when 240 is divided by 37?
18
What is the remainder when 21 is divided by 2?
1
What is the remainder when 4294 is divided by 24?
22
What is the remainder when 22384 is divided by 246?
244
Calculate the remainder when 449 is divided by 75.
74
What is the remainder when 189 is divided by 185?
4
What is the remainder when 446 is divided by 8?
6
Calculate the remainder when 4441 is divided by 39.
34
Calculate the remainder when 585 is divided by 7.
4
Calculate the remainder when 156 is divided by 90.
66
What is the remainder when 233 is divided by 20?
13
What is the remainder when 1629 is divided by 173?
72
What is the remainder when 73 is divided by 15?
13
Calculate the remainder when 1788 is divided by 131.
85
Calculate the remainder when 577 is divided by 83.
79
Calculate the remainder when 436 is divided by 10.
6
What is the remainder when 125 is divided by 32?
29
Calculate the remainder when 397 is divided by 102.
91
What is the remainder when 1276 is divided by 96?
28
What is the remainder when 330 is divided by 151?
28
Calculate the rema